alse
Is 42641 a composite number?
False
Is 33739 composite?
False
Is 47951 composite?
False
Is 7817 a prime number?
True
Is 168109 composite?
False
Is 17011 a composite number?
False
Is 18303 prime?
False
Is 132283 a composite number?
False
Is 252227 prime?
False
Is 33686 a composite number?
True
Is 4103 composite?
True
Is 7993 a composite number?
False
Is 5611 composite?
True
Is 1929295 composite?
True
Is 23843 prime?
False
Is 155913 composite?
True
Is 2333 composite?
False
Is 965977 a composite number?
True
Is 57943 a prime number?
True
Is 8917 a composite number?
True
Is 237949 a composite number?
True
Is 3799 prime?
False
Is 1244333 a composite number?
False
Is 29269 a composite number?
False
Is 1038017 prime?
True
Is 162053 a prime number?
True
Is 119371 composite?
True
Is 3103 prime?
False
Is 736917 prime?
False
Is 156887 a composite number?
False
Is 2474 prime?
False
Is 320363 prime?
False
Is 824893 prime?
True
Is 104729 a prime number?
True
Is 28319 composite?
False
Is 727457 prime?
False
Is 17449 a prime number?
True
Is 115901 a composite number?
False
Is 126277 prime?
False
Is 82451 composite?
True
Is 1627949 composite?
True
Is 10079 composite?
False
Is 794357 a composite number?
True
Is 80413 composite?
True
Is 35759 composite?
False
Is 41935 a composite number?
True
Is 10007 composite?
False
Is 9647 a composite number?
True
Is 2846 a composite number?
True
Is 48647 a composite number?
False
Is 24595 a composite number?
True
Is 884779 composite?
True
Is 11905 a composite number?
True
Is 117643 a prime number?
True
Is 28363 prime?
False
Is 17339 composite?
True
Is 1975169 a composite number?
True
Is 252211 composite?
True
Is 855469 composite?
True
Is 1079 composite?
True
Is 392187 prime?
False
Is 243149 composite?
False
Is 30971 a composite number?
False
Is 82457 a prime number?
True
Is 9901 a composite number?
False
Is 2998 composite?
True
Is 1057 a prime number?
False
Is 3197669 a prime number?
True
Is 12583 prime?
True
Is 3820157 a composite number?
True
Is 4343 a prime number?
False
Is 13523 prime?
True
Is 1230653 composite?
True
Is 98317 a composite number?
False
Is 4846 composite?
True
Is 79367 composite?
False
Is 89261 composite?
False
Is 253459 composite?
True
Is 84453 a composite number?
True
Is 61233 a composite number?
True
Is 31379 prime?
True
Is 2581 a composite number?
True
Is 93259 a composite number?
True
Is 34607 composite?
False
Is 109261 a prime number?
False
Is 17033 prime?
True
Is 213791 a prime number?
True
Is 28751 a composite number?
False
Is 199103 composite?
False
Is 5385373 composite?
True
Is 37451 composite?
True
Is 325711 prime?
False
Is 31967 composite?
True
Is 100811 a prime number?
True
Is 45647 prime?
False
Is 7079 a composite number?
False
Is 1776989 a prime number?
True
Is 91733 prime?
True
Is 110843 a composite number?
True
Is 8861 prime?
True
Is 46499 prime?
True
Is 53749 prime?
False
Is 49891 composite?
False
Is 61779 composite?
True
Is 20137 composite?
True
Is 122691 composite?
True
Is 2237 a composite number?
False
Is 27143 a composite number?
False
Is 1945 a prime number?
False
Is 36511 composite?
True
Is 288803 a composite number?
False
Is 29527 a composite number?
False
Is 75505 a prime number?
False
Is 1511 prime?
True
Is 14719 composite?
True
Is 14599 a composite number?
True
Is 7031 a composite number?
True
Is 67 a prime number?
True
Is 2237 composite?
False
Is 4373 a composite number?
False
Is 281885 a composite number?
True
Is 141541 a composite number?
True
Is 297359 a prime number?
True
Is 27439 composite?
True
Is 77581 a composite number?
True
Is 19259 a composite number?
False
Is 409909 prime?
True
Is 2551 composite?
False
Is 129271 composite?
True
Is 27731 a prime number?
False
Is 46901 composite?
False
Is 12797 composite?
True
Is 44761 prime?
False
Is 3417833 composite?
True
Is 27338 composite?
True
Is 10357 a prime number?
True
Is 1086329 composite?
True
Is 185947 a composite number?
False
Is 1078527 a prime number?
False
Is 4141 composite?
True
Is 46213 prime?
False
Is 58165 a composite number?
True
Is 359837 composite?
False
Is 35369 prime?
False
Is 789937 composite?
True
Is 104087 composite?
False
Is 8081 a prime number?
True
Is 161911 prime?
True
Is 24193 prime?
False
Is 1989049 prime?
True
Is 9157 composite?
False
Is 1277 prime?
True
Is 2411 a prime number?
True
Is 496591 prime?
False
Is 88807 a composite number?
False
Is 1931 prime?
True
Is 17705 composite?
True
Is 350549 a composite number?
False
Is 18101 prime?
False
Is 170399 composite?
True
Is 23185 composite?
True
Is 355371 composite?
True
Is 99317 composite?
False
Is 3525077 a composite number?
True
Is 10037 composite?
False
Is 2203 a prime number?
True
Is 928463 prime?
True
Is 3037 a composite number?
False
Is 466991 a prime number?
False
Is 25013 a prime number?
True
Is 78569 prime?
True
Is 20153 a prime number?
False
Is 677949 a composite number?
True
Is 1571377 prime?
True
Is 820577 prime?
True
Is 17021 prime?
True
Is 1409729 prime?
False
Is 195361 a prime number?
False
Is 23455 prime?
False
Is 497863 prime?
False
Is 2267 prime?
True
Is 465017 a composite number?
True
Is 60881 composite?
True
Is 156529 a composite number?
True
Is 98863 prime?
False
Is 2903 prime?
True
Is 18007 a prime number?
False
Is 40231 a prime number?
True
Is 31989 a composite number?
True
Is 28813 a composite number?
False
Is 611 a composite number?
True
Is 32863 prime?
False
Is 20141 prime?
False
Is 403129 composite?
True
Is 220663 a composite number?
False
Is 18589 a prime number?
False
Is 88721 a prime number?
True
Is 111209 prime?
False
Is 235097 a composite number?
True
Is 4421023 a composite number?
False
Is 4637 composite?
False
Is 1151 a composite number?
False
Is 95681 prime?
False
Is 9337 composite?
False
Is 655 a composite number?
True
Is 63851 prime?
False
Is 962959 a composite number?
False
Is 8341 a prime number?
False
Is 242309 a composite number?
False
Is 31817 prime?
True
Is 99447 a prime number?
False
Is 125441 composite?
False
Is 943 a composite number?
True
Is 1117669 composite?
True
Is 1201 a prime number?
True
Is 23559 composite?
True
Is 10774409 composite?
False
Is 4889 prime?
True
Is 1717666 a prime number?
False
Is 641681 prime?
True
Is 10729 composite?
False
Is 30593 prime?
True
Is 32093 a composite number?
True
Is 1823 a prime number?
True
Is 3137 a composite number?
False
Is 298823 prime?
False
Is 1329 composite?
True
Is 4703 a prime number?
True
Is 112429 composite?
False
Is 114347 a prime number?
False
Is 34769 a composite number?
True
Is 9289 a composite number?
True
Is 2459 prime?
True
Is 9661 prime?
True
Is 376337 prime?
False
Is 82549 composite?
False
Is 7117 a composite number?
True
Is 8369 prime?
True
Is 9167 a prime number?
False
Is 15783 prime?
False
Is 713 a prime number?
False
Is 73237 prime?
True
Is 1262 a composite number?
True
Is 438131 a composite number?
False
Is 6631 a composite number?
True
Is 845069 a composite number?
False
Is 258499 prime?
True
Is 11197 prime?
True
Is 122831 a composite number?
True
Is 78203 a composite number?
False
Is 731303 a composite number?
True
Is 17551 composite?
False
Is 142357 composite?
False
Is 653431 a composite number?
False
Is 7321 a prime number?
True
Is 715523 prime?
True
Is 10297 a composite number?
True
Is 9609 a composite number?
True
Is 57751 a prime number?
True
Is 340591 composite?
False
Is 1835 a prime number?
False
Is 173771 prime?
False
Is 4322 composite?
True
Is 1693 composite?
False
Is 811255 a prime number?
False
Is 117809 a composite number?
False
Is 9091 composite?
False
Is 951331 composite?
False
Is 851 a composite number?
True
Is 3489 a composite number?
True
Is 1700369 a prime number?
False
Is 291 a prime number?
False
Is 8501 a composite number?
False
Is 95223 a composite number?
True
Is 99447 a prime number?
False
Is 23117 a prime number?
True
Is 29123 a prime number?
True
Is 51967 composite?
True
Is 81194 a prime number?
False
Is 170741 composite?
False
Is 94495 prime?
False
Is 187 a prime number?
False
Is 51299 prime?
False
Is 7661 prime?
False
Is 40693 a prime number?
True
Is 400237 a prime number?
True
Is 63073 composite?
False
Is 77729 a prime number?
False
Is 18013 a prime number?
True
Is 8369 a prime number?
True
Is 60603 a prim